In base 2, what is 100100101001101 + 110001?
100100101111110
In base 11, what is -73 + 2480?
2408
In base 12, what is 50 - -157?
1a7
In base 3, what is 12010010 - -22?
12010102
In base 2, what is 10000001001101 + -110100001?
1111010101100
In base 12, what is 37691 - -38?
37709
In base 16, what is -504 - -3?
-501
In base 12, what is -1b6207 - -4?
-1b6203
In base 10, what is -75 + 416?
341
In base 6, what is -45 + 20355?
20310
In base 6, what is 12015015 - -3?
12015022
In base 7, what is 236 + 32513?
33052
In base 6, what is 1002301 - 30?
1002231
In base 10, what is -343 - -4535?
4192
In base 9, what is -1032 + -162?
-1204
In base 15, what is 5 + -74ea?
-74e5
In base 4, what is 100312321312 + 3?
100312321321
In base 13, what is -3 - 25311?
-25314
In base 5, what is 14 + -24443?
-24424
In base 10, what is -16920 - 5?
-16925
In base 14, what is -165 - 1c77?
-1ddc
In base 10, what is 1 + -7664?
-7663
In base 6, what is -12333 - -305?
-12024
In base 5, what is 12 - -13434?
14001
In base 7, what is -11 + 33006?
32665
In base 11, what is -3 - -4033a?
40337
In base 10, what is -3 - 93046?
-93049
In base 7, what is -2060342 - 4?
-2060346
In base 7, what is -2331 + -3303?
-5634
In base 4, what is -11211 - -3120222?
3103011
In base 7, what is 4 - -41632?
41636
In base 5, what is -340 + -21333?
-22223
In base 2, what is -11 + 1101010110000111?
1101010110000100
In base 2, what is -1100011 - 10001010?
-11101101
In base 4, what is 31313022 + 10?
31313032
In base 3, what is -100200112100 + -11?
-100200112111
In base 16, what is -3a0a + -5?
-3a0f
In base 10, what is 1 - -942305?
942306
In base 15, what is 7 + -37ab6?
-37aae
In base 6, what is -1344 - 4040?
-5424
In base 11, what is 256a - 84?
2496
In base 9, what is 6124 + -24?
6100
In base 5, what is 1410142 - 2?
1410140
In base 13, what is 1b415 - 29?
1b3b9
In base 15, what is c5e9 - e?
c5da
In base 11, what is -40643 + 4?
-4063a
In base 16, what is 8 - 69e?
-696
In base 9, what is -56548 + 7?
-56541
In base 10, what is -2749 + -2318?
-5067
In base 11, what is -5 + 36a2a?
36a25
In base 15, what is -78 + -12d5?
-135d
In base 14, what is -a - -2bd?
2b3
In base 16, what is 11 - 12d?
-11c
In base 10, what is 208 + 80?
288
In base 6, what is 51151332 - 0?
51151332
In base 16, what is -11bf - 5?
-11c4
In base 13, what is -1608 - 28?
-1633
In base 13, what is 11b1 - 11a?
1094
In base 8, what is -4 - -34644?
34640
In base 2, what is 10001111 - 10000101001?
-1110011010
In base 6, what is -1415 - 134?
-1553
In base 15, what is -11 - -129e8?
129d7
In base 4, what is 11 + -2310021212?
-2310021201
In base 9, what is -3 + -366804?
-366807
In base 3, what is -1111121120112 + 10?
-1111121120102
In base 8, what is -2 - 64225?
-64227
In base 3, what is 2020002 - 1012?
2011220
In base 5, what is 1202132 + -30?
1202102
In base 14, what is -2a9a - -5?
-2a95
In base 9, what is -7 - -16120?
16112
In base 12, what is 36 + 14168?
141a2
In base 15, what is -8c38 + b?
-8c2c
In base 10, what is -326 - 11357?
-11683
In base 9, what is 6 + 54038?
54045
In base 4, what is 230 - -120031?
120321
In base 15, what is 5806 + 2?
5808
In base 4, what is -33221020 + -3?
-33221023
In base 5, what is -122423 + 20110?
-102313
In base 8, what is 1 - 31705?
-31704
In base 4, what is 20 - -1223131?
1223211
In base 16, what is 2a2 - -30?
2d2
In base 16, what is 4984 + -1c?
4968
In base 15, what is -70 + 246d?
23ed
In base 12, what is b963 - 3?
b960
In base 8, what is -127035 - 0?
-127035
In base 6, what is 202 - -31252?
31454
In base 12, what is b719 - 21?
b6b8
In base 9, what is -518476 - -3?
-518473
In base 9, what is 4703 + 62?
4765
In base 14, what is -6d964a + 3?
-6d9647
In base 5, what is 3123 + 2324?
11002
In base 15, what is e1c - -11?
e2d
In base 13, what is -1380 - -c?
-1371
In base 3, what is -1012020 - 2002022?
-10021112
In base 4, what is 1 - 213010220?
-213010213
In base 15, what is -10b - 2?
-10d
In base 13, what is 3 + 92b68?
92b6b
In base 15, what is 17 - 5d4e?
-5d37
In base 2, what is -1100001 + 10110010100?
10100110011
In base 14, what is 10 + -112d7?
-112c7
In base 10, what is -8 - -17470?
17462
In base 4, what is -13 + 33132220?
33132201
In base 14, what is -3 - 3d78?
-3d7b
In base 16, what is -200 - a5?
-2a5
In base 5, what is -13323 - 22?
-13400
In base 12, what is -1a - 2bb53?
-2bb71
In base 11, what is 533 - 28?
506
In base 9, what is 0 - 185056?
-185056
In base 10, what is -1736 - -38?
-1698
In base 12, what is 4 - -7a43?
7a47
In base 2, what is 111110101 + 1011110?
1001010011
In base 16, what is -7ef - 1a?
-809
In base 14, what is -1 - -2a93d1?
2a93d0
In base 7, what is 4032 - -141?
4203
In base 4, what is -2111 + -1033?
-3210
In base 7, what is 0 - -2365024?
2365024
In base 10, what is -287584 - -1?
-287583
In base 5, what is -1020412 + -33?
-1021000
In base 15, what is -1 + -e819?
-e81a
In base 12, what is -31 + 1090?
105b
In base 14, what is -1 - -239d?
239c
In base 5, what is 11 + -341204?
-341143
In base 5, what is -12001 + -11344?
-23400
In base 3, what is 101220201221 - 2?
101220201212
In base 3, what is -10000210 + 10012?
-2220121
In base 16, what is -15b12 - 4?
-15b16
In base 4, what is -10 - 11112331?
-11113001
In base 11, what is -4581 + 16?
-4566
In base 9, what is -1885186 + 1?
-1885185
In base 7, what is 460 + 13510?
14300
In base 7, what is 23 - 54406?
-54353
In base 11, what is -460a + 1?
-4609
In base 4, what is -21013000 + -110?
-21013110
In base 9, what is 410 + -27?
372
In base 8, what is -124703 + 2?
-124701
In base 15, what is 28 - 134?
-10b
In base 10, what is 2 - 18518?
-18516
In base 13, what is 5 - -1724a?
17252
In base 8, what is 604003 - -4?
604007
In base 3, what is -21100101110001 + 11?
-21100101102220
In base 2, what is 111011011001111010 - 0?
111011011001111010
In base 13, what is -3 - -3672c?
36729
In base 2, what is 111110100101100010 + 0?
111110100101100010
In base 13, what is -496 - -31c?
-177
In base 15, what is -d - -1301d?
13010
In base 6, what is 510 - 1000?
-50
In base 16, what is -3565 - 6d?
-35d2
In base 15, what is 3c - 912?
-8c5
In base 7, what is -1461 + -22?
-1513
In base 6, what is 11 + 52350?
52401
In base 5, what is -2 + -114430?
-114432
In base 13, what is 73578 + -8?
73570
In base 10, what is -4 - 12615?
-12619
In base 15, what is -72ed - 1?
-72ee
In base 2, what is 100101001 - 10100111111101?
-10100011010100
In base 14, what is 8572 + 5?
8577
In base 5, what is 4 - -123400204?
123400213
In base 11, what is 131699 + 3?
1316a1
In base 14, what is 99d0 + -2?
99cc
In base 4, what is -11 - 332032?
-332103
In base 5, what is -10 + 402113?
402103
In base 16, what is 23 - 45b?
-438
In base 2, what is 10 - 1000100100101000?
-1000100100100110
In base 5, what is -303333 - -1034?
-302244
In base 6, what is 4 - 130202?
-130154
In base 3, what is -21 - -100201212?
100201121
In base 14, what is 228 + -4?
224
In base 2, what is -1 - -11110011010001?
11110011010000
In base 14, what is 4 - 2635?
-2631
In base 13, what is -853 + -2c?
-882
In base 16, what is 545e + 5?
5463
In base 7, what is 20 - 244?
-224
In base 11, what is 10 + -1173?
-1163
In base 16, what is -3 + 2f0e?
2f0b
In base 16, what is 345b - -4?
345f
In base 7, what is -13 - -21566?
21553
In base 6, what is 105 + -124232?
-124123
In base 13, what is -3 + ab?
a8
In base 15, what is -6cbc9 - 3?
-6cbcc
In base 9, what is 1 + -375785?
-375784
In base 11, what is 3 - -61522?
61525
In base 5, what is -44 - 130020?
-130114
In base 8, what is -3 - -27115?
27112
In base 14, what is -5 + 38a7?
38a2
In base 16, what is -1c6d0 + 1?
-1c6cf
In base 15, what is -16a967 - 3?
-16a96a
In base 16, what is -1b8 - 42?
-1fa
In base 7, what is -301565 + -5?
-301603
In base 10, what is 1 + 215204?
215205
In base 5, what is 14413040 + -3?
14413032
In base 16, what is 89 + -44?
45
In base 9, what is -3258 + -8?
-3267
In base 6, what is 4 + 22104045?
22104053
In base 7, what is -10623324 - 5?
-10623332
In base 2, what is -101 + 11001011000011?
11001010111110
In base 3, what is 11 + 2020122?
2020210
In base 12, what is -907 + -a66?
-1771
In base 8, what is 3066 + 0?
3066
In base 5, what is 1034 - -1134?
2223
In base 3, what is 10221 - -2210112?
2221110
In base 15, what is 21 - 49a?
-479
In base 5, what is -132140 + 331?
-131304
In base 7, what is 5 + 10